{"id":3129,"date":"2025-07-15T11:23:37","date_gmt":"2025-07-15T17:23:37","guid":{"rendered":"https:\/\/maromaria.com\/?product=kit-de-viaje-personalizado"},"modified":"2025-07-15T11:23:37","modified_gmt":"2025-07-15T17:23:37","slug":"kit-de-viaje-personalizado","status":"publish","type":"product","link":"https:\/\/maromaria.com\/?product=kit-de-viaje-personalizado","title":{"rendered":"Kit De Viaje Personalizado"},"content":{"rendered":"","protected":false},"excerpt":{"rendered":"<p>Kit de viaje personalizado<\/p>\n<p>Tienes la opci\u00f3n de elegir entre 5 productos de tu elecci\u00f3n y los que m\u00e1s se adapten a ti.<\/p>\n<p>Productos capilares, corporales y t\u00f3nicos:  Frascos de 30ml<\/p>\n<p>Productos faciales: Frascos 15ml<\/p>\n<p>Productos s\u00f3lidos: 15grs<\/p>\n<p>Exfoliantes corporales y mascarillas: 50grs<\/p>\n<p>&#8220;Una vez hecho tu pedido nos comunicamos contigo para elegir tus productos&#8221;<\/p>\n<p>No olvides que tu piel tambi\u00e9n se cuida en vacaciones!<\/p>\n","protected":false},"featured_media":3128,"comment_status":"open","ping_status":"closed","template":"","meta":{"om_disable_all_campaigns":false,"_monsterinsights_skip_tracking":false,"_monsterinsights_sitenote_active":false,"_monsterinsights_sitenote_note":"","_monsterinsights_sitenote_category":0},"product_brand":[],"product_cat":[53],"product_tag":[],"class_list":{"0":"post-3129","1":"product","2":"type-product","3":"status-publish","4":"has-post-thumbnail","6":"product_cat-kit","8":"first","9":"instock","10":"taxable","11":"shipping-taxable","12":"purchasable","13":"product-type-simple","14":"layout-style-5","15":"col-md-4 col-sm-4 col-xs-6","16":"col-lg-3","17":"product-style-addtocart"},"aioseo_notices":[],"jetpack_sharing_enabled":true,"_links":{"self":[{"href":"https:\/\/maromaria.com\/index.php?rest_route=\/wp\/v2\/product\/3129","targetHints":{"allow":["GET"]}}],"collection":[{"href":"https:\/\/maromaria.com\/index.php?rest_route=\/wp\/v2\/product"}],"about":[{"href":"https:\/\/maromaria.com\/index.php?rest_route=\/wp\/v2\/types\/product"}],"replies":[{"embeddable":true,"href":"https:\/\/maromaria.com\/index.php?rest_route=%2Fwp%2Fv2%2Fcomments&post=3129"}],"wp:featuredmedia":[{"embeddable":true,"href":"https:\/\/maromaria.com\/index.php?rest_route=\/wp\/v2\/media\/3128"}],"wp:attachment":[{"href":"https:\/\/maromaria.com\/index.php?rest_route=%2Fwp%2Fv2%2Fmedia&parent=3129"}],"wp:term":[{"taxonomy":"product_brand","embeddable":true,"href":"https:\/\/maromaria.com\/index.php?rest_route=%2Fwp%2Fv2%2Fproduct_brand&post=3129"},{"taxonomy":"product_cat","embeddable":true,"href":"https:\/\/maromaria.com\/index.php?rest_route=%2Fwp%2Fv2%2Fproduct_cat&post=3129"},{"taxonomy":"product_tag","embeddable":true,"href":"https:\/\/maromaria.com\/index.php?rest_route=%2Fwp%2Fv2%2Fproduct_tag&post=3129"}],"curies":[{"name":"wp","href":"https:\/\/api.w.org\/{rel}","templated":true}]}}