{"id":3094,"date":"2025-02-18T13:24:57","date_gmt":"2025-02-18T19:24:57","guid":{"rendered":"https:\/\/maromaria.com\/?product=cepillo-de-bambu-para-trastes-1pza"},"modified":"2025-04-03T16:01:40","modified_gmt":"2025-04-03T22:01:40","slug":"cepillo-de-bambu-para-trastes-1pza","status":"publish","type":"product","link":"https:\/\/maromaria.com\/?product=cepillo-de-bambu-para-trastes-1pza","title":{"rendered":"Cepillo De Bamb\u00fa Para Trastes 1pza"},"content":{"rendered":"","protected":false},"excerpt":{"rendered":"<p>Hechos de bamb\u00fa y cerdas de fibra de palma y fibra de coco.<\/p>\n<p>Ideales para sustituir a las esponjas tradicionales.<\/p>\n<p>Se pueden utilizar en cocina, ba\u00f1o, cuarto de lavander\u00eda y pueden limpiar suelos, azulejos, inodoro, alfombras, tapicer\u00eda, fregaderos, ba\u00f1eras, etc.<\/p>\n<p>Despu\u00e9s de usar, enjuagar y dejar secar al ambiente con las cerdas hacia abajo.<\/p>\n<p>100% biodegradables y ecol\u00f3gicos. Al comprar estos cepillos contribuyes a reducir la huella de carbono y un planeta m\u00e1s limpio.<\/p>\n","protected":false},"featured_media":3105,"comment_status":"open","ping_status":"closed","template":"","meta":{"om_disable_all_campaigns":false,"_monsterinsights_skip_tracking":false,"_monsterinsights_sitenote_active":false,"_monsterinsights_sitenote_note":"","_monsterinsights_sitenote_category":0},"product_brand":[],"product_cat":[15],"product_tag":[],"class_list":{"0":"post-3094","1":"product","2":"type-product","3":"status-publish","4":"has-post-thumbnail","6":"product_cat-accesorios","8":"first","9":"instock","10":"taxable","11":"shipping-taxable","12":"purchasable","13":"product-type-simple","14":"layout-style-5","15":"col-md-4 col-sm-4 col-xs-6","16":"col-lg-3","17":"product-style-addtocart"},"aioseo_notices":[],"jetpack_sharing_enabled":true,"_links":{"self":[{"href":"https:\/\/maromaria.com\/index.php?rest_route=\/wp\/v2\/product\/3094","targetHints":{"allow":["GET"]}}],"collection":[{"href":"https:\/\/maromaria.com\/index.php?rest_route=\/wp\/v2\/product"}],"about":[{"href":"https:\/\/maromaria.com\/index.php?rest_route=\/wp\/v2\/types\/product"}],"replies":[{"embeddable":true,"href":"https:\/\/maromaria.com\/index.php?rest_route=%2Fwp%2Fv2%2Fcomments&post=3094"}],"wp:featuredmedia":[{"embeddable":true,"href":"https:\/\/maromaria.com\/index.php?rest_route=\/wp\/v2\/media\/3105"}],"wp:attachment":[{"href":"https:\/\/maromaria.com\/index.php?rest_route=%2Fwp%2Fv2%2Fmedia&parent=3094"}],"wp:term":[{"taxonomy":"product_brand","embeddable":true,"href":"https:\/\/maromaria.com\/index.php?rest_route=%2Fwp%2Fv2%2Fproduct_brand&post=3094"},{"taxonomy":"product_cat","embeddable":true,"href":"https:\/\/maromaria.com\/index.php?rest_route=%2Fwp%2Fv2%2Fproduct_cat&post=3094"},{"taxonomy":"product_tag","embeddable":true,"href":"https:\/\/maromaria.com\/index.php?rest_route=%2Fwp%2Fv2%2Fproduct_tag&post=3094"}],"curies":[{"name":"wp","href":"https:\/\/api.w.org\/{rel}","templated":true}]}}