{"id":3093,"date":"2025-02-18T13:22:08","date_gmt":"2025-02-18T19:22:08","guid":{"rendered":"https:\/\/maromaria.com\/?product=cepillo-para-exfoliacion-en-seco-1pza"},"modified":"2025-02-25T11:28:34","modified_gmt":"2025-02-25T17:28:34","slug":"cepillo-para-exfoliacion-en-seco-1pza","status":"publish","type":"product","link":"https:\/\/maromaria.com\/?product=cepillo-para-exfoliacion-en-seco-1pza","title":{"rendered":"Cepillo Para Exfoliaci\u00f3n En seco 1pza"},"content":{"rendered":"","protected":false},"excerpt":{"rendered":"<p>Cepillo hecho de madera y cerdas naturales, lo que lo hace un producto sostenible.<\/p>\n<p>Uso corporal en seco, para exfoliaci\u00f3n, activaci\u00f3n de la circulaci\u00f3n y drenaje linf\u00e1tico.<\/p>\n<p>Adecuado para pies, piernas, muslos, abdomen, gl\u00fateos y brazos.<\/p>\n<p>No es adecuado para rostro, cuello y escote. <\/p>\n<p>Con cerdas de dureza media para una activaci\u00f3n y exfoliaci\u00f3n eficaz.<\/p>\n<p>Modo de uso:<\/p>\n<p>Aplicar sin ning\u00fan producto sobre la piel seca, con un masaje circular ascendente, de abajo hacia arriba.<\/p>\n<p>Evitar exfoliar donde la piel est\u00e9 m\u00e1s sensible o da\u00f1ada.<\/p>\n<p>Cuidados:<\/p>\n<p>Sacudir el cepillo despu\u00e9s del uso para eliminar la suciedad.<\/p>\n<p>Lavar las cerdas una vez cada 15 d\u00edas con agua y jab\u00f3n, y dejar secar al aire, con las cerdas hacia abajo. No sumergir el cepillo en agua.<\/p>\n","protected":false},"featured_media":0,"comment_status":"open","ping_status":"closed","template":"","meta":{"om_disable_all_campaigns":false,"_monsterinsights_skip_tracking":false,"_monsterinsights_sitenote_active":false,"_monsterinsights_sitenote_note":"","_monsterinsights_sitenote_category":0},"product_brand":[],"product_cat":[15],"product_tag":[],"class_list":{"0":"post-3093","1":"product","2":"type-product","3":"status-publish","5":"product_cat-accesorios","7":"first","8":"instock","9":"taxable","10":"shipping-taxable","11":"purchasable","12":"product-type-simple","13":"layout-style-5","14":"col-md-4 col-sm-4 col-xs-6","15":"col-lg-3","16":"product-style-addtocart"},"aioseo_notices":[],"jetpack_sharing_enabled":true,"_links":{"self":[{"href":"https:\/\/maromaria.com\/index.php?rest_route=\/wp\/v2\/product\/3093","targetHints":{"allow":["GET"]}}],"collection":[{"href":"https:\/\/maromaria.com\/index.php?rest_route=\/wp\/v2\/product"}],"about":[{"href":"https:\/\/maromaria.com\/index.php?rest_route=\/wp\/v2\/types\/product"}],"replies":[{"embeddable":true,"href":"https:\/\/maromaria.com\/index.php?rest_route=%2Fwp%2Fv2%2Fcomments&post=3093"}],"wp:attachment":[{"href":"https:\/\/maromaria.com\/index.php?rest_route=%2Fwp%2Fv2%2Fmedia&parent=3093"}],"wp:term":[{"taxonomy":"product_brand","embeddable":true,"href":"https:\/\/maromaria.com\/index.php?rest_route=%2Fwp%2Fv2%2Fproduct_brand&post=3093"},{"taxonomy":"product_cat","embeddable":true,"href":"https:\/\/maromaria.com\/index.php?rest_route=%2Fwp%2Fv2%2Fproduct_cat&post=3093"},{"taxonomy":"product_tag","embeddable":true,"href":"https:\/\/maromaria.com\/index.php?rest_route=%2Fwp%2Fv2%2Fproduct_tag&post=3093"}],"curies":[{"name":"wp","href":"https:\/\/api.w.org\/{rel}","templated":true}]}}