{"id":2947,"date":"2022-11-06T20:12:59","date_gmt":"2022-11-07T02:12:59","guid":{"rendered":"https:\/\/maromaria.com\/?post_type=product&#038;p=2947"},"modified":"2024-07-27T00:07:40","modified_gmt":"2024-07-27T06:07:40","slug":"serum-facial-anti-edad-50ml","status":"publish","type":"product","link":"https:\/\/maromaria.com\/?product=serum-facial-anti-edad-50ml","title":{"rendered":"S\u00e9rum Facial Anti-edad 50ml"},"content":{"rendered":"","protected":false},"excerpt":{"rendered":"<p>Especialmente dise\u00f1ado para hidratar y refrescar la piel del rostro, ayudando a que luzca m\u00e1s joven, luminosa e hidratada.<\/p>\n<p>Principales activos como el \u00e1cido hialur\u00f3nico y niacinamida.<\/p>\n<p>Beneficios:<\/p>\n<p>*Hidrata a profundidad<\/p>\n<p>*Aporta luminosidad y frescura<\/p>\n<p>*Aten\u00faa y retarda la aparici\u00f3n de arrugas y l\u00edneas de expresion<\/p>\n<p>*Da firmeza y elasticidad<\/p>\n<p>*Reduce irritaci\u00f3n y enrojecimiento<\/p>\n<p>*Unifica el tono de piel<\/p>\n<p>*Tiene propiedades seborreguladoras<\/p>\n<p>*Repara y regenera<\/p>\n<p>*Apto para todo tipo de piel<\/p>\n<p>Modo de uso: Aplicar sobre la piel del rostro y cuello dando suaves masajes.<\/p>\n","protected":false},"featured_media":2873,"comment_status":"open","ping_status":"closed","template":"","meta":{"om_disable_all_campaigns":false,"_monsterinsights_skip_tracking":false,"_monsterinsights_sitenote_active":false,"_monsterinsights_sitenote_note":"","_monsterinsights_sitenote_category":0},"product_brand":[],"product_cat":[49],"product_tag":[],"class_list":{"0":"post-2947","1":"product","2":"type-product","3":"status-publish","4":"has-post-thumbnail","6":"product_cat-facial","8":"first","9":"instock","10":"taxable","11":"shipping-taxable","12":"purchasable","13":"product-type-simple","14":"layout-style-5","15":"col-md-4 col-sm-4 col-xs-6","16":"col-lg-3","17":"product-style-addtocart"},"aioseo_notices":[],"jetpack_sharing_enabled":true,"_links":{"self":[{"href":"https:\/\/maromaria.com\/index.php?rest_route=\/wp\/v2\/product\/2947","targetHints":{"allow":["GET"]}}],"collection":[{"href":"https:\/\/maromaria.com\/index.php?rest_route=\/wp\/v2\/product"}],"about":[{"href":"https:\/\/maromaria.com\/index.php?rest_route=\/wp\/v2\/types\/product"}],"replies":[{"embeddable":true,"href":"https:\/\/maromaria.com\/index.php?rest_route=%2Fwp%2Fv2%2Fcomments&post=2947"}],"wp:featuredmedia":[{"embeddable":true,"href":"https:\/\/maromaria.com\/index.php?rest_route=\/wp\/v2\/media\/2873"}],"wp:attachment":[{"href":"https:\/\/maromaria.com\/index.php?rest_route=%2Fwp%2Fv2%2Fmedia&parent=2947"}],"wp:term":[{"taxonomy":"product_brand","embeddable":true,"href":"https:\/\/maromaria.com\/index.php?rest_route=%2Fwp%2Fv2%2Fproduct_brand&post=2947"},{"taxonomy":"product_cat","embeddable":true,"href":"https:\/\/maromaria.com\/index.php?rest_route=%2Fwp%2Fv2%2Fproduct_cat&post=2947"},{"taxonomy":"product_tag","embeddable":true,"href":"https:\/\/maromaria.com\/index.php?rest_route=%2Fwp%2Fv2%2Fproduct_tag&post=2947"}],"curies":[{"name":"wp","href":"https:\/\/api.w.org\/{rel}","templated":true}]}}